common factor of 126 and 81.
9
What is the greatest common factor of 7571 and 565?
113
What is the greatest common factor of 324 and 1548?
36
What is the greatest common factor of 245 and 294?
49
Calculate the highest common divisor of 40 and 13620.
20
Calculate the highest common factor of 2166 and 95.
19
What is the greatest common divisor of 282 and 25803?
141
Calculate the greatest common factor of 13271 and 23.
23
Calculate the greatest common factor of 22176 and 99.
99
Calculate the highest common divisor of 55 and 1639.
11
What is the greatest common divisor of 51 and 2669?
17
What is the highest common divisor of 90 and 5?
5
Calculate the highest common factor of 143 and 1958.
11
Calculate the highest common factor of 336 and 2408.
56
What is the highest common divisor of 320 and 2752?
64
Calculate the highest common factor of 15 and 285.
15
Calculate the highest common factor of 1056 and 1568.
32
What is the highest common factor of 11 and 9119?
11
Calculate the highest common divisor of 15 and 885.
15
Calculate the highest common divisor of 252 and 9900.
36
What is the highest common factor of 2850 and 300?
150
Calculate the highest common divisor of 4 and 104.
4
Calculate the highest common divisor of 33573 and 93.
93
What is the highest common factor of 420 and 1330?
70
What is the greatest common factor of 22 and 539?
11
Calculate the greatest common divisor of 3 and 93.
3
What is the highest common divisor of 21950 and 50?
50
What is the greatest common divisor of 47 and 2021?
47
Calculate the greatest common divisor of 76 and 1349.
19
Calculate the greatest common divisor of 8905 and 411.
137
Calculate the highest common factor of 164 and 369.
41
What is the greatest common divisor of 76 and 36?
4
What is the greatest common divisor of 1080 and 200?
40
What is the greatest common divisor of 12 and 236?
4
What is the highest common divisor of 4 and 2130?
2
Calculate the greatest common factor of 31 and 248.
31
What is the greatest common factor of 1541 and 603?
67
What is the highest common factor of 5250 and 28?
14
What is the greatest common divisor of 24 and 8384?
8
Calculate the highest common divisor of 9396 and 27.
27
What is the greatest common divisor of 146 and 1825?
73
Calculate the greatest common factor of 32 and 544.
32
What is the highest common divisor of 768 and 176?
16
Calculate the highest common divisor of 274 and 685.
137
Calculate the highest common factor of 973 and 7.
7
Calculate the highest common divisor of 840 and 35.
35
What is the greatest common factor of 85 and 5695?
85
Calculate the highest common factor of 896 and 28.
28
What is the greatest common factor of 474 and 24?
6
Calculate the greatest common factor of 315 and 1015.
35
Calculate the greatest common divisor of 19 and 79.
1
What is the greatest common factor of 18 and 32760?
18
Calculate the greatest common factor of 3 and 15.
3
What is the highest common divisor of 7552 and 192?
64
What is the highest common factor of 16 and 848?
16
What is the greatest common factor of 65 and 104?
13
What is the greatest common factor of 363 and 33?
33
Calculate the greatest common factor of 178 and 2.
2
Calculate the highest common factor of 19 and 1824.
19
Calculate the highest common divisor of 7 and 217.
7
Calculate the greatest common factor of 273 and 78.
39
What is the greatest common divisor of 1650 and 250?
50
Calculate the highest common factor of 1808 and 48.
16
What is the highest common divisor of 504 and 72?
72
Calculate the greatest common factor of 1015 and 6380.
145
Calculate the greatest common divisor of 6399 and 79.
79
What is the greatest common divisor of 779 and 41?
41
Calculate the highest common divisor of 9 and 36.
9
What is the greatest common factor of 1357 and 23?
23
What is the greatest common factor of 153 and 1462?
17
Calculate the greatest common divisor of 48 and 128.
16
Calculate the greatest common divisor of 220 and 1012.
44
Calculate the highest common divisor of 21 and 1701.
21
Calculate the highest common factor of 686 and 266.
14
What is the highest common factor of 473 and 430?
43
Calculate the greatest common factor of 575 and 25.
25
What is the greatest common factor of 205 and 287?
41
What is the highest common divisor of 64 and 32?
32
Calculate the greatest common factor of 16 and 8912.
16
What is the greatest common divisor of 47 and 10246?
47
What is the greatest common divisor of 70 and 1876?
14
Calculate the highest common divisor of 48 and 54.
6
What is the greatest common divisor of 377 and 91?
13
What is the highest common divisor of 12731 and 145?
29
What is the greatest common factor of 30 and 66?
6
What is the greatest common divisor of 6204 and 84?
12
What is the greatest common factor of 107 and 29?
1
Calculate the highest common factor of 80 and 3760.
80
What is the greatest common divisor of 13 and 124?
1
Calculate the highest common factor of 29 and 2.
1
Calculate the greatest common factor of 187 and 1207.
17
What is the highest common divisor of 144 and 2376?
72
Calculate the highest common factor of 4941 and 243.
81
Calculate the greatest common divisor of 40 and 450.
10
What is the highest common divisor of 90 and 405?
45
Calculate the greatest common factor of 36 and 60.
12
What is the greatest common divisor of 142 and 20803?
71
Calculate the greatest common divisor of 208 and 26.
26
What is the highest common factor of 2 and 1024?
2
Calculate the highest common factor of 6 and 5982.
6
What is the highest common divisor of 14 and 1106?
14
Calculate the greatest common divisor of 234 and 738.
18
Calculate the highest common divisor of 364 and 104.
52
Calculate the highest common factor of 35 and 320.
5
What is the greatest common divisor of 319 and 22?
11
What is the greatest common factor of 176 and 2160?
16
What is the greatest common factor of 24401 and 26?
13
What is the highest common factor of 47 and 2021?
47
What is the greatest common divisor of 22 and 55?
11
Calculate the highest common divisor of 1975 and 79.
79
What is the highest common factor of 204 and 136?
68
Calculate the highest common divisor of 276 and 24.
12
What is the highest common factor of 173 and 692?
173
Calculate the highest common factor of 84 and 3.
3
Calculate the highest common divisor of 189 and 9.
9
What is the greatest common factor of 1554 and 370?
74
Calculate the greatest common factor of 9933 and 44.
11
Calculate the greatest common divisor of 48 and 32.
16
What is the highest common divisor of 259 and 740?
37
Calculate the highest common divisor of 404 and 8989.
101
What is the highest common divisor of 30 and 1920?
30
What is the highest common factor of 4 and 4?
4
What is the highest common divisor of 7396 and 430?
86
What is the greatest common factor of 132 and 8646?
66
Calculate the highest common factor of 805 and 115.
115
Calculate the greatest common factor of 55 and 180.
5
What is the greatest common factor of 442 and 68?
34
What is the highest common factor of 1157 and 2848?
89
What is the highest common factor of 36 and 7530?
6
What is the greatest common factor of 710 and 50?
10
Calculate the greatest common divisor of 2989 and 14.
7
Calculate the highest common divisor of 99 and 14487.
33
What is the greatest common divisor of 782 and 68?
34
Calculate the highest common divisor of 42 and 1554.
42
What is the greatest common factor of 44 and 44?
44
What is the highest common divisor of 65 and 11011?
13
Calculate the greatest common factor of 725 and 10.
5
What is the highest common divisor of 40 and 7000?
40
Calculate the greatest common divisor of 9 and 108.
9
Calculate the greatest common factor of 105 and 665.
35
What is the highest common divisor of 348 and 48?
12
Calculate the highest common factor of 128324 and 28.
28
Calculate the highest common factor of 35 and 581.
7
What is the highest common divisor of 121 and 88?
11
Calculate the highest common divisor of 255 and 105.
15
Calculate the highest common factor of 1376 and 43.
43
What is the greatest common factor of 20 and 470?
10
Calculate the highest common divisor of 9450 and 280.
70
What is the greatest common factor of 22491 and 98?
49
Calculate the highest common divisor of 16100 and 400.
100
Calculate the greatest common